s(t) = -11803*t - 353770. Determine s(-30).
320
Let a(r) = -39*r**3 - 41*r**2 - 462*r - 464. Give a(-1).
-4
Let h(w) = 414*w + 46430. Give h(-101).
4616
Let s(h) = -h**3 - 289*h**2 + 861*h - 4380. Determine s(-292).
0
Let s(v) = -256*v - 11406. What is s(-46)?
370
Let j(c) = 17*c**2 - 1699*c + 600. What is j(100)?
700
Let h(j) = 1259*j + 31469. Determine h(-25).
-6
Let l(w) = 142*w**3 + 3086*w**2 - 832*w + 66. Determine l(-22).
-22
Let b(v) = -1438*v + 19637. Determine b(12).
2381
Let z(f) = -118825*f - 950596. Calculate z(-8).
4
Let j(d) = 3984*d + 669353. Determine j(-168).
41
Let j(m) = -m**3 - 18*m**2 + 292*m + 4207. Determine j(-12).
-161
Let q(c) = 421*c**2 + 708*c - 123. Give q(-3).
1542
Let n(u) = -17*u**2 + 194*u + 170. What is n(12)?
50
Let v(y) = 9298*y - 46495. Give v(5).
-5
Let z(t) = -158728*t - 476271. Calculate z(-3).
-87
Let y(d) = 3*d**3 + 398*d**2 - 947*d - 313. Determine y(-135).
-43
Let f(l) = 1189*l - 162919. Give f(137).
-26
Let d(i) = 214*i**2 + 24397*i + 127. Give d(-114).
13
Let d(s) = -7372*s - 88553. Calculate d(-12).
-89
Let n(a) = -409*a + 4486. Give n(13).
-831
Let c(k) = -27*k**2 + 2902*k + 1501. Give c(108).
-11
Let r(a) = -a**3 + 25*a**2 - 43*a + 1167. Determine r(24).
711
Let v(r) = -r**3 - 25*r**2 + 5441*r + 136065. Determine v(-25).
40
Let n(z) = -z**3 + 281*z**2 + 368*z - 24268. Calculate n(282).
-16
Let m(h) = -691*h + 38778. Give m(56).
82
Let b(p) = 280*p - 3734. Determine b(13).
-94
Let m(v) = 7594*v + 39384. Give m(-6).
-6180
Let n(t) = 91*t + 18191. Calculate n(-198).
173
Let s(u) = -112*u + 10646. Calculate s(95).
6
Let c(p) = -25*p - 1548. Give c(-143).
2027
Let q(a) = 108*a**2 - 825*a + 490. What is q(7)?
7
Let c(n) = -7*n**2 + 232*n - 40. Determine c(8).
1368
Let b(m) = -19936*m + 318981. Calculate b(16).
5
Let b(l) = -l**2 - 686*l - 68359. Give b(-121).
6
Let z(l) = -l**2 + 9618*l + 154140. Determine z(-16).
-4
Let x(m) = -15*m**2 + 9459*m + 3827. Calculate x(631).
41
Let t(h) = -4*h**3 - 121*h**2 - 556*h + 139. What is t(-6)?
-17
Let t(m) = 120*m**2 + 380*m - 740. Calculate t(2).
500
Let y(z) = 3686*z - 29868. Calculate y(8).
-380
Let q(i) = -i**3 + 8*i**2 + 857*i + 7674. Give q(-15).
-6
Let j(t) = -5954*t + 208277. Determine j(35).
-113
Let f(g) = 229*g**2 - 7477*g + 26248. Calculate f(4).
4
Let o(f) = -f**3 + 28*f**2 - 3998*f + 49412. Calculate o(13).
-27
Let p(w) = -8239*w - 68524. What is p(-9)?
5627
Let h(y) = -49*y - 289. Give h(4).
-485
Let v(u) = 16442*u - 27162179. Calculate v(1652).
5
Let z(q) = -1742*q - 50350. Calculate z(-29).
168
Let q(w) = -39*w - 575. Determine q(-16).
49
Let q(g) = 26*g**2 + 286*g + 101. What is q(-17)?
2753
Let c(s) = 49*s**2 - 1474*s + 120. What is c(30)?
0
Let h(p) = 4*p**3 - 758*p**2 + 33457*p + 214. What is h(70)?
4
Let v(p) = -1536783*p + 15367831. What is v(10)?
1
Let n(w) = -2*w**2 + 43*w + 803. Determine n(-15).
-292
Let z(i) = -i**2 + 65*i + 10299. What is z(139)?
13
Let j(u) = u**3 - 533*u**2 - 80686*u - 1314. Determine j(656).
-2
Let f(l) = 36*l**2 - 49699*l + 49694. Give f(1).
31
Let g(f) = -f**3 - 92*f**2 - 438*f - 675. Give g(-87).
-414
Let u(t) = -t**3 - 15*t**2 + 9*t - 209. What is u(-17)?
216
Let h(y) = -114*y + 9395. Give h(84).
-181
Let z(o) = 896*o + 11136. Determine z(-12).
384
Let z(g) = -2*g**3 + 566*g**2 - 745*g + 51065. What is z(282)?
23
Let g(s) = 15*s - 305. What is g(0)?
-305
Let t(f) = -f**3 + 237*f**2 + 563*f - 20293. Determine t(239).
22
Let j(y) = 5022*y + 10039. What is j(-2)?
-5
Let w(q) = 987*q - 5766. Determine w(5).
-831
Let m(c) = 3*c**2 - 378*c - 45212. Calculate m(-75).
13
Let t(x) = x**3 + 72*x**2 - 5019*x - 317760. Calculate t(-88).
8
Let j(g) = -g**3 + 82*g**2 - 454*g + 27. What is j(76)?
179
Let q(l) = 57014*l + 285072. What is q(-5)?
2
Let g(y) = 1328*y + 2628. Calculate g(-2).
-28
Let f(v) = 79*v**2 + 1245*v - 1256. Give f(1).
68
Let j(p) = -p**2 - 16085*p + 370288. What is j(23)?
-196
Let o(w) = w**3 + 43*w**2 + 356*w + 106. What is o(-30)?
1126
Let c(f) = 276*f - 2379. Determine c(4).
-1275
Let f(d) = -3*d**2 - 196*d - 819. What is f(-54)?
1017
Let l(a) = -a**3 + 7*a**2 + 2488*a - 19897. What is l(8)?
-57
Let n(m) = -m**2 + 226*m + 26398. Calculate n(-85).
-37
Let t(g) = 2*g**2 + 189211*g - 1135316. Give t(6).
22
Let v(u) = -3*u**2 + 282*u + 317. Give v(95).
32
Let y(g) = g**2 + 291*g + 7336. What is y(-29)?
-262
Let x(w) = 26327*w + 1763891. Give x(-67).
-18
Let n(z) = 2663*z**2 - 42612*z + 49. Calculate n(16).
-15
Let p(s) = -s**2 + 211*s - 4991. What is p(187)?
-503
Let w(j) = 5*j**3 + 22*j**2 - 1635*j - 13549. Give w(-10).
1
Let n(m) = 391*m + 50179. Give n(-128).
131
Let j(f) = -47*f**3 + 76*f**2 - f + 6. Give j(2).
-68
Let g(f) = 18*f**3 - 188*f**2 - 109*f - 15. Calculate g(11).
-4
Let i(w) = w**3 + 135*w**2 + 645*w + 5054. Calculate i(-130).
5704
Let b(d) = -d**3 + 350*d**2 - 686*d - 3687. What is b(348)?
-207
Let s(j) = 485*j - 137562. Calculate s(284).
178
Let o(v) = -38*v**2 + 1438*v - 41. Calculate o(0).
-41
Let l(v) = -14*v**2 + 31*v - 28. What is l(10)?
-1118
Let f(w) = 1196*w**2 - 4788*w - 8. Give f(4).
-24
Let w(m) = 2*m**3 + 245*m**2 + 2392*m + 76700. What is w(-115)?
-5
Let y(d) = 3*d**3 - 461*d**2 - 149*d - 870. What is y(154)?
-100
Let q(x) = -x**3 - 136*x**2 - 1910*x - 32. Calculate q(-16).
-192
Let h(j) = -99*j**2 - 19247*j - 7956. Give h(-194).
-2
Let l(r) = -r**3 - 100*r**2 - 2200*r - 16691. Determine l(-73).
26
Let s(a) = a**3 - 40*a**2 - 361*a - 6945. What is s(50)?
5
Let n(q) = -4*q**3 + 39*q**2 - 18*q - 47. Determine n(9).
34
Let b(i) = 5*i**2 - 5515*i + 160954. Calculate b(30).
4
Let r(s) = -97*s - 4146. Give r(-41).
-169
Let t(i) = 15*i**3 - 2*i**2 - 61*i - 117. Calculate t(-2).
-123
Let h(j) = 3328*j + 47. Calculate h(0).
47
Let y(d) = -2*d**2 + 8165*d - 395261. Give y(49).
22
Let i(j) = 2*j**2 + 2253*j - 95596. Calculate i(41).
139
Let q(f) = 5*f**2 + 603*f - 1011044. Calculate q(-514).
-6
Let j(d) = 53*d**2 + 89*d - 218. Give j(3).
526
Let q(a) = -5862*a - 45879. Give q(-8).
1017
Let c(h) = 4940*h + 212395. Give c(-43).
-25
Let n(g) = -g**3 + 189*g**2 - 730*g + 497. Calculate n(3).
-19
Let h(a) = 3754*a - 109275. Give h(29).
-409
Let q(t) = t**3 + 118*t**2 - 990*t + 1510. Calculate q(2).
10
Let u(h) = 25*h**3 + h**2 + 4*h - 2152. Calculate u(0).
-2152
Let p(r) = -r**3 + 132*r**2 + 832*r - 468. Give p(138).
84
Let p(i) = 37047*i - 74577. Calculate p(2).
-483
Let h(c) = -c**3 - 16*c**2 + 185*c + 2746. Calculate h(-18).
64
Let b(f) = 1238617*f - 111475527. Give b(90).
3
Let a(z) = 14485*z + 72372. Determine a(-5).
-53
Let d(f) = -35*f**2 + 11670*f - 39637. Calculate d(330).
-37
Let p(s) = 17297*s**2 + 311353*s + 97. What is p(-18)?
-29
Let z(a) = -2519*a - 112955. Give z(-45).
400
Let n(h) = -306*h - 2665. What is n(-9)?
89
Let z(j) = -5*j**2 + 57*j + 35683. Calculate z(-79).
-25
Let u(r) = -r**3 + 51*r**2 - 117*r + 8621. Calculate u(52).
-167
Let v(k) = -29698*k - 237612. What is v(-8)?
-28
Let a(m) = -79246*m + 713239. Calculate a(9).
25
Let q(a) = -193989*a - 2715847. Give q(-14).
-1
Let y(k) = 55296*k - 2764926. Give y(50).
-126
Let n(h) = -h**3 - 31*h**2 - 207*h - 36. Determine n(-27).
2637
Let k(t) = 17*t**2 - 717*t + 154. Determine k(42).
28
Let o(u) = -u**2 - 98*u + 3030. Determine o(-108).
1950
Let v(b) = -49990*b + 449915. Determine v(9).
5
Let k(b) = -b**3 + 59*b**2 + 350*b - 17397. Calculate k(60).
3
Let d(i) = i**3 + 144*i**2 + 837*i + 1273. Determine d(-138).
31
Let z(t) = -33*t**2 - 127*t + 33. What is z(-4)?
13
Let g(f) = -185*f**2 - 1273*f - 74. Determine g(-7).
-228
Let j(w) = -5474*w + 38328. Give j(7).
10
Let u(c) = -10*c**2 + 3207*c - 22459. What is u(7)?
-500
Let s(o) = -1023*o**2 - 14332*o - 155. Give s(-14).
-15
Let i(y) = -14*y**2 - 1273*y + 1324. Calculate i(-92).
-56
Let o(v) = -19*v**2 + 66*v - 217. Calculate o(4).
-257
Let h(a) = -a**3 + 600*a**2 + 1629*a + 108532. What is h(603)?
-8
Let u(a) = 2*a**2 + 717*a - 3009. Determine u(-363).
258
Let d(x) = 606*x + 481. Determine d(-1).
-125
Let q(y) = -21890*y - 415940. What is q(-19)?
-30
Let f(h) = -49*h - 10855. What is f(-218)?
-173
Let v(s) = -146*s**3 - 21*s**2 + 5*s + 5. What is v(2)?
-1237
Let t(w) = -4*w**3 - 63*w**2 - 4533*w - 72791. Give t(-16).
-7
Let k(q) = -4*q**2 - 1992*q + 250441. What is k